+ g**4/12 - 4*g**3/3 + 9*g**2. List the prime factors of t(6).
2, 5
Let f(g) = g**3 + 16*g**2 + 12*g - 5. List the prime factors of f(-15).
2, 5
Let g(q) = 98*q**2 + 4*q - 2. What are the prime factors of g(1)?
2, 5
Let i(g) = -2*g - 15. What are the prime factors of i(-10)?
5
Let x = 44 - -95. What are the prime factors of x?
139
Suppose v - 10 = 9. Suppose 3 = 2*k - v. What are the prime factors of k?
11
Suppose -4*v - v - 30 = 0. Let l(j) = -j**2 - 7*j - 3. Let d be l(v). Suppose d*c + 36 = 5*i, -19 - 3 = -3*i + 2*c. List the prime factors of i.
2, 3
Let a = -139 + 200. List the prime factors of a.
61
Let x(v) be the third derivative of v**5/30 + v**4/24 - 7*v**3/6 - 4*v**2. List the prime factors of x(3).
2, 7
Let x(v) = v**3 - 5*v**2 + 2*v - 6. Let q be x(5). Suppose q*r = -20, -5*s + 3*r = -r + 15. What are the prime factors of s/(-2) - (-3)/(-6)?
3
Let y = 2 - 0. Let t(i) = -8*i**y - 2 + i**3 + 4*i**2 + i + i. List the prime factors of t(4).
2, 3
Let m be (4/(-6))/((-18)/81). Let c(f) = 2*f**m + 8*f**2 + 9*f + 0*f**2 - 2*f + 6 - f**3. List the prime factors of c(-7).
2, 3
Suppose -5*l = 5*b - 40, b + 1 = 4*l - 1. Suppose 0 = b*h + 1 - 319. What are the prime factors of h?
53
Let o(i) = -2*i**3 + 4*i**2 - 4*i + 3. Let l be o(2). Let d = 11 - 9. List the prime factors of -10*(d - l/(-2)).
5
Suppose p = -3*q - 14, -5 = 5*q + 15. Let k be (-13)/p + 4/(-8). Suppose 0 = 4*f + 4*v - 40, k*f - 25 = 2*f - v. List the prime factors of f.
5
Suppose -4*d - 75 = -263. What are the prime factors of d?
47
Let k = 202 + -22. List the prime factors of k.
2, 3, 5
Let m = 4 - -1. List the prime factors of m.
5
Let u(l) = -7*l - 4. What are the prime factors of u(-4)?
2, 3
Let u be 42/6 - 2*1. Let s = 10 - u. Suppose -5*w + 11 = -4*w + 4*z, s*w = 2*z + 11. List the prime factors of w.
3
Let h(m) = -3*m**3 + 7*m**2 + 2*m - 9. Let n(j) = -2*j**3 + 3*j**2 + j - 5. Let g(u) = -3*h(u) + 5*n(u). Let a = 8 + -14. List the prime factors of g(a).
2
Suppose 3*z - 21 = -6, -4*z + 12 = -4*j. Let q be 5*(j + (-6)/5). Let y = q + -2. What are the prime factors of y?
2
Let a(u) = -u - 8. Let l(k) = 6*k + 41. Let o(n) = -11*a(n) - 2*l(n). Let r = -1 - -1. List the prime factors of o(r).
2, 3
Let h(y) = y**3 + 4*y**2 + 3*y + 3. Let i be h(-3). Suppose -i*k + 10 = -k. Suppose 2*a - 16 = -3*g + 7*a, -k*g + 80 = 5*a. List the prime factors of g.
2, 3
Let f = 5 - 4. Let c = f + 4. List the prime factors of c.
5
Let u = 20 - -2. What are the prime factors of u?
2, 11
Let f(h) = h**2. Let t(l) be the second derivative of l**4/6 + 5*l**3/6 + 3*l**2/2 + 2*l. Let p(j) = -3*f(j) + t(j). List the prime factors of p(4).
7
Let s be (-11)/(-4) - (-2)/8. Suppose s*w = -c + 62 + 40, -4*w + 136 = 5*c. What are the prime factors of w?
2, 17
Suppose 0*t + 20 = 4*t. Suppose -77 + 17 = -t*z. Suppose 4*l = z - 0. List the prime factors of l.
3
Suppose -3*r + 15 = 3*f + 81, -5*r + f - 80 = 0. Let o = 30 + r. What are the prime factors of o?
13
Let x = 12 - 8. Suppose a + 37 = 5*t + 2*a, -2*a + 32 = x*t. List the prime factors of t.
7
Suppose -14 = -j - 1. What are the prime factors of j?
13
Let d(z) = z**2 - 7*z + 1 + 1 + 4*z. Let u be d(4). Suppose -u = w - 3*w. List the prime factors of w.
3
Let o(x) = -x**3 + 9*x**2 - 27. List the prime factors of o(7).
71
Suppose r = 2*m - 6, 5*r + 0*r = -5*m + 45. Suppose -m*t + 72 = t. List the prime factors of t.
2, 3
Let x(p) = p + 42. What are the prime factors of x(-19)?
23
Let s = 0 + 3. Suppose s*d - 104 = -5*j, -j + d + d + 13 = 0. What are the prime factors of j?
19
Let k = 997 + -690. What are the prime factors of k?
307
Let k = -18 + 18. Suppose k*c = 5*c - 190. List the prime factors of c.
2, 19
Let o = 18 - 31. Suppose -5*k - 6 - 38 = -l, -4*l = -16. Let m = k - o. List the prime factors of m.
5
Suppose 2*i = v + 2, 5*i + 5*v - 17 - 3 = 0. Let k = 4 - i. What are the prime factors of k?
2
Let i = 83 - 60. List the prime factors of i.
23
Suppose 4*s + 4 = 5*u, s = 4*u - 4 - 8. Let j = s - 2. Suppose -j*t + 4 = -0*t. What are the prime factors of t?
2
Let y be (-3)/3*(5 - 8). Suppose 2*q - 2*a = -0*q + 48, 3*q = -3*a + 90. Suppose 3*d - y*c = q, c + 0 = -2*d + 24. List the prime factors of d.
11
Let v(n) = -3*n - 8. Suppose -5*i = 3*k + 18, 0 = -2*k - 3*i - 2*i - 12. Let r be v(k). Suppose -4*t = -5*t + r. List the prime factors of t.
2, 5
Let g(x) = -8*x - 4. List the prime factors of g(-6).
2, 11
Suppose -20 = -2*a + 4*l, 6*a - a + 2*l = -10. Suppose 25 = 5*z, a = 4*p + 2*z - 6 - 0. List the prime factors of p + (-1)/1 + 6.
2
What are the prime factors of 12/(-42) - 424/(-14)?
2, 3, 5
Suppose 3*d + 0*a = a + 8, 0 = 5*d - 2*a - 12. What are the prime factors of d?
2
Suppose -12 = -4*v, -p + 1 - 2 = -3*v. Let y(a) = a**2 - 8*a + 12. List the prime factors of y(p).
2, 3
Let i = 0 - -2. Let p be ((-5)/(-15))/(i/(-6)). List the prime factors of (-8)/p + -1 + 0.
7
Let b be 90/4*(-16)/(-10). Suppose s = -2*s - b. List the prime factors of (38/3)/((-8)/s).
19
Suppose -144 = -4*t - 3*u - u, 0 = 2*t + u - 77. List the prime factors of t.
41
What are the prime factors of 13/(-104) + 994/16?
2, 31
Let d = 38 + -20. What are the prime factors of d?
2, 3
Let q(o) be the first derivative of o**4/4 - o**2/2 + 15*o - 1. Suppose -4*w = 3*t + 6, 5*w + 4*t = -1 - 7. What are the prime factors of q(w)?
3, 5
Let v = 1 - -13. Let j = 25 - v. List the prime factors of j.
11
Let u(a) = -3*a - 5. Let j be u(-7). Let i = -5 + j. List the prime factors of i.
11
Suppose 5*y - 5*p = -p + 481, y - 2*p - 95 = 0. List the prime factors of y.
97
Suppose -2*q - 5*l = -9, 2*l - l + 90 = 5*q. List the prime factors of q.
17
Let g be (-2 - (0 + 2)) + 2. Let h be ((-67)/2)/(g/4). What are the prime factors of 2/(-5) - h/(-5)?
13
Suppose 11*k - 240 = 3*k. List the prime factors of k.
2, 3, 5
Suppose -8 = 2*p - 2. List the prime factors of p/(9/6) + 51.
7
Suppose -115 = -v + k + 17, 4*v + k = 538. What are the prime factors of v?
2, 67
Suppose -g = -3*m - 18, -6*m - 12 = g - 3*m. Suppose -g*d = -15, 40 = -p + 6*p - 5*d. List the prime factors of p.
13
Suppose 24 = -3*q - 24. Let y = -1 - q. Suppose 5*o = 4*o + y. List the prime factors of o.
3, 5
Let s(u) = u**3 + 5*u**2 - 8*u + 4. Let i(b) = -2*b**3 - 10*b**2 + 17*b - 8. Let j(d) = 6*i(d) + 13*s(d). What are the prime factors of j(-4)?
2, 7
List the prime factors of 0 + 67 + -2 + 3/1.
2, 17
Let y(s) = s**2 - 6*s. Let u be y(10). Suppose 0 = k - u - 9. List the prime factors of k.
7
Let m(v) = 6*v**3 - v**2 - 4*v - 4. Let o(j) = 7*j**3 - j**2 - 3*j - 3. Let n(p) = 4*m(p) - 5*o(p). Let s be n(-1). What are the prime factors of (-4)/s + 19/3?
2, 3
Suppose -k = 2*o - 67, -4*o - 210 = -3*k - o. What are the prime factors of k?
3, 23
Let p be 13/3 + (-2)/(-3). Suppose 5*x + b = 5 + 5, 4*x - 22 = 2*b. Let t = p + x. List the prime factors of t.
2
Suppose y - 5*x + 7 = -3, y + 5*x = 10. Suppose 0*b + 2*b - 50 = y. Let w = b - 14. List the prime factors of w.
11
Suppose 0 = 5*m + 3*o - 0*o - 27, -m = -4*o + 13. Suppose 27 = m*u - 24. List the prime factors of u.
17
List the prime factors of 2 - (4/12 - 284/6).
7
Let o(z) = 4*z**2 - 1. Let w be o(-1). Suppose 3 + 15 = w*y. Suppose 0 = -2*f + 4*t, 0 = 3*f - y*f + 3*t + 6. List the prime factors of f.
2
Let c(u) = u**3 - u**2 + 4*u - 3. Let b = -8 - -10. List the prime factors of c(b).
3
Let a be 2 + (-12 + -2)/(-2). Suppose 2*q - 7 - a = 0. Suppose 4*z - q - 24 = 0. What are the prime factors of z?
2
Let w(u) = u**2 - 1. Let i(t) = 2*t**2 + t - 9. Let z(x) = i(x) - 3*w(x). Let m be z(0). List the prime factors of -22*(15/m + 2).
11
Suppose 0 = -4*m - m. Let p = -2 + m. Let r(d) = -d**3 - 2*d**2 - 2*d. List the prime factors of r(p).
2
Let q(k) = -k**2 - 9*k + 3. Let c be 3/(1*3/(-9)). List the prime factors of q(c).
3
Let t(l) = -l. Let q = 5 + 0. Suppose 2*y = -4*m + 8, q*m - 21 = y + 2*m. What are the prime factors of t(y)?
2, 3
Let v(g) = -4 + 7 - g - 3*g + 2*g**2. List the prime factors of v(4).
19
List the prime factors of ((-519)/9 - -1)*(-6)/5.
2, 17
Suppose -d - 2*d - q = -3, -5*d + 2*q - 6 = 0. Let l(a) be the first derivative of -a**2/2 + 6*a + 1. What are the prime factors of l(d)?
2, 3
Let o(d) = d. Let g be o(3). Suppose -x + g + 0 = 0. Suppose 0 = 2*r + x - 7. What are the pr